{"id":108,"date":"2025-03-11T10:45:26","date_gmt":"2025-03-11T09:45:26","guid":{"rendered":"http:\/\/www.dontworrycorp.fr\/?page_id=108"},"modified":"2025-03-11T19:40:43","modified_gmt":"2025-03-11T18:40:43","slug":"soutien-scolaire","status":"publish","type":"page","link":"https:\/\/www.dontworrycorp.fr\/","title":{"rendered":"Soutien Scolaire"},"content":{"rendered":"\n<h3 class=\"wp-block-heading\"><figure><img loading=\"lazy\" decoding=\"async\" width=\"91\" height=\"107\" class=\"wp-image-109 alignleft\" src=\"http:\/\/www.dontworrycorp.fr\/wp-content\/uploads\/2025\/03\/28356407-e1741684642897.jpg\" alt=\"\"><\/figure>Cours de soutien scolaire, du primaire \u00e0 la troisi\u00e8me, du moins passionn\u00e9 au plus int\u00e9ress\u00e9, \u00e0 domicile.<\/h3>\n\n\n\n<p>&nbsp;<\/p>\n\n\n\n<p><strong>Qui je suis ?<\/strong><\/p>\n\n\n\n<p>Luc Luddeni (lluddeni@gmail.com), j&rsquo;ai une formation d&rsquo;ing\u00e9nieur en informatique (profession que j&rsquo;ai exerc\u00e9e pendant 25 ans), je suis chef scout depuis 5 ans (pour des jeunes&nbsp;entre&nbsp;7 et 14 ans)<\/p>\n\n\n\n<p><strong>Qu&rsquo;est-ce que je propose ?<\/strong><\/p>\n\n\n\n<p>De&nbsp;donner des cours pour partager le plaisir de savoir, de comprendre, et de r\u00e9ussir, et la confiance que cela apporte. Plus particuli\u00e8rement du niveau primaire et coll\u00e8ge.<\/p>\n\n\n\n<p><strong>Comment est-ce que je proc\u00e8de&nbsp;?<\/strong><\/p>\n\n\n\n<p>Je me mets au niveau de l&rsquo;\u00e9l\u00e8ve et je m&rsquo;\u00e9l\u00e8ve progressivement avec lui, jusqu&rsquo;au niveau du professeur (le professeur du coll\u00e8ge s&rsquo;entend).&nbsp;En m&rsquo;appuyant autant que possible sur ses centres d&rsquo;int\u00e9r\u00eats pour l&rsquo;amener \u00e0 s&rsquo;int\u00e9resser (si ce n&rsquo;est pas d\u00e9j\u00e0 le cas) \u00e0 la mati\u00e8re.<\/p>\n\n\n\n<p><strong>Combien co\u00fbte une heure de cours ?<\/strong><\/p>\n\n\n\n<p>40&nbsp;euros sans cr\u00e9dit d&rsquo;imp\u00f4t, ou bien 20 euros une fois le cr\u00e9dit d&rsquo;imp\u00f4t d\u00e9duit, c&rsquo;est \u00e0 dire imm\u00e9diatement car je peux appliquer (si vous le souhaitez) l&rsquo;avance imm\u00e9diate de cr\u00e9dit d&rsquo;imp\u00f4t (voir ci-dessous).<\/p>\n\n\n\n<figure class=\"wp-block-gallery aligncenter has-nested-images columns-default is-cropped wp-block-gallery-1 is-layout-flex wp-block-gallery-is-layout-flex\">\n<figure class=\"wp-block-image size-large\"><img loading=\"lazy\" decoding=\"async\" width=\"1024\" height=\"1024\" data-id=\"111\" src=\"https:\/\/www.dontworrycorp.fr\/wp-content\/uploads\/2025\/03\/Visuel-1080x1080-non-personnalisable-1024x1024.jpg\" alt=\"\" class=\"wp-image-111\" srcset=\"https:\/\/www.dontworrycorp.fr\/wp-content\/uploads\/2025\/03\/Visuel-1080x1080-non-personnalisable-1024x1024.jpg 1024w, https:\/\/www.dontworrycorp.fr\/wp-content\/uploads\/2025\/03\/Visuel-1080x1080-non-personnalisable-150x150.jpg 150w, https:\/\/www.dontworrycorp.fr\/wp-content\/uploads\/2025\/03\/Visuel-1080x1080-non-personnalisable-300x300.jpg 300w, https:\/\/www.dontworrycorp.fr\/wp-content\/uploads\/2025\/03\/Visuel-1080x1080-non-personnalisable-768x768.jpg 768w\" sizes=\"auto, (max-width: 1024px) 100vw, 1024px\" \/><\/figure>\n<\/figure>\n\n\n\n<p><\/p>\n\n\n\n<p><strong>Qu&rsquo;est-ce que l&rsquo;avance imm\u00e9diate ?<\/strong><\/p>\n\n\n\n<p><a href=\"http:\/\/www.dontworrycorp.fr\/wp-content\/uploads\/2025\/03\/Infographie-prestataire-version-simplifi\u00e9e.pdf\">Infographie avance imm\u00e9diate<\/a><\/p>\n\n\n\n<p>\u2022&nbsp;Avance imm\u00e9diate est un service optionnel et gratuit qui permet la d\u00e9duction imm\u00e9diate de votre cr\u00e9dit d\u2019imp\u00f4t de 50% lors du paiement de votre facture \u00e0 votre organisme prestataire de services. Concr\u00e8tement, pour une d\u00e9pense de 200 \u20ac de services \u00e0 la personne, l\u2019Urssaf ne pr\u00e9l\u00e8vera plus que les 100 \u20ac de reste \u00e0 payer.&nbsp;Je r\u00e9percuterais donc cet all\u00e8gement dans les factures que je vous soumettrais.<\/p>\n\n\n\n<p>\u2022 C\u2019est tr\u00e8s simple puisque c\u2019est moi qui m\u2019occupe de tout ! Avec votre autorisation, c\u2019est votre organisme de services \u00e0 la personne qui cr\u00e9e votre compte. Ensuite, vous recevez une notification de l\u2019Urssaf vous invitant \u00e0 activer votre compte sur un site d\u00e9di\u00e9 : <a href=\"http:\/\/www.particulier.urssaf.fr\">www.particulier.urssaf.fr<\/a>.<\/p>\n\n\n\n<p>\u2022 C\u2019est sur ce site je vous adresse les demandes de paiement suite aux prestations r\u00e9alis\u00e9es \u00e0 votre domicile. Vous avez un d\u00e9lai de 48h pour la valider ou la refuser. En un coup d\u2019\u0153il et \u00e0 tout moment, vous pouvez visualiser depuis votre compte en ligne le cr\u00e9dit d\u2019imp\u00f4t consomm\u00e9 ainsi que le montant encore disponible pour l\u2019ann\u00e9e en cours.<\/p>\n\n\n\n<p><a href=\"https:\/\/www.impots.gouv.fr\/particulier\/emploi-domicile\">Information sur les plafonds de cr\u00e9dit d&rsquo;imp\u00f4t<\/a><\/p>\n\n\n\n<p>Plus d&rsquo;information sur l&rsquo;avance imm\u00e9diate ci-dessous<\/p>\n\n\n\n<figure class=\"wp-block-video\"><video controls src=\"http:\/\/www.dontworrycorp.fr\/wp-content\/uploads\/2025\/03\/Motion-design-prestataire.mp4\"><\/video><\/figure>\n","protected":false},"excerpt":{"rendered":"<p>Cours de soutien scolaire, du primaire \u00e0 la troisi\u00e8me, du moins passionn\u00e9 au plus int\u00e9ress\u00e9, \u00e0 domicile. &nbsp; Qui je suis ? Luc Luddeni (lluddeni@gmail.com), j&rsquo;ai une formation d&rsquo;ing\u00e9nieur en informatique (profession que j&rsquo;ai exerc\u00e9e pendant 25 ans), je suis chef scout depuis 5 ans (pour des jeunes&nbsp;entre&nbsp;7 et 14 ans) Qu&rsquo;est-ce que je propose &hellip; <a href=\"https:\/\/www.dontworrycorp.fr\/\" class=\"more-link\">Continuer la lecture de <span class=\"screen-reader-text\">Soutien Scolaire<\/span>  <span class=\"meta-nav\">&rarr;<\/span><\/a><\/p>\n","protected":false},"author":1,"featured_media":0,"parent":0,"menu_order":0,"comment_status":"closed","ping_status":"closed","template":"","meta":{"footnotes":""},"class_list":["post-108","page","type-page","status-publish","hentry"],"_links":{"self":[{"href":"https:\/\/www.dontworrycorp.fr\/index.php?rest_route=\/wp\/v2\/pages\/108","targetHints":{"allow":["GET"]}}],"collection":[{"href":"https:\/\/www.dontworrycorp.fr\/index.php?rest_route=\/wp\/v2\/pages"}],"about":[{"href":"https:\/\/www.dontworrycorp.fr\/index.php?rest_route=\/wp\/v2\/types\/page"}],"author":[{"embeddable":true,"href":"https:\/\/www.dontworrycorp.fr\/index.php?rest_route=\/wp\/v2\/users\/1"}],"replies":[{"embeddable":true,"href":"https:\/\/www.dontworrycorp.fr\/index.php?rest_route=%2Fwp%2Fv2%2Fcomments&post=108"}],"version-history":[{"count":7,"href":"https:\/\/www.dontworrycorp.fr\/index.php?rest_route=\/wp\/v2\/pages\/108\/revisions"}],"predecessor-version":[{"id":132,"href":"https:\/\/www.dontworrycorp.fr\/index.php?rest_route=\/wp\/v2\/pages\/108\/revisions\/132"}],"wp:attachment":[{"href":"https:\/\/www.dontworrycorp.fr\/index.php?rest_route=%2Fwp%2Fv2%2Fmedia&parent=108"}],"curies":[{"name":"wp","href":"https:\/\/api.w.org\/{rel}","templated":true}]}}